 l?
7
Suppose -12 = 3*y, 3*c + 3*y = 2*c - 10. Let p be 1 - c - (-1 - -2). What is the units digit of (-42)/(-9) - p/(-3)?
4
Suppose 2*s + 2 - 32 = 0. Suppose -4*a + 49 = -s. What is the units digit of a?
6
Suppose 24 = 2*o - 4*l, -3 - 1 = -3*o - 2*l. Let z = o - -37. What is the tens digit of z?
4
Let z(t) = -5*t**2 - t - 1. Suppose -2*w - 2*f - 2*f = 10, 5*f + 13 = -3*w. Let p be z(w). What is the units digit of (p/((-10)/16))/1?
8
Let d = -131 - -191. Suppose -3*c = c - d. What is the tens digit of c?
1
Let o(w) = -36*w**3 - w**2 + w + 1. What is the units digit of o(-1)?
5
Suppose h = -g + 102, 494 = 5*g - 2*h - h. What is the units digit of g?
0
Let r(b) be the second derivative of -b + 0 + 0*b**2 + 1/6*b**3. What is the units digit of r(2)?
2
Let n = 85 + -50. What is the units digit of n/2 - 11/(-22)?
8
Suppose 3*o = 5*g - 148, -2*g = 2*g + o - 132. What is the tens digit of g?
3
Suppose t + t = -16. Let g be (-1 + (-2)/(-6))*30. Let m = t - g. What is the tens digit of m?
1
Let u(z) be the third derivative of -z**6/120 - z**5/15 - z**4/24 + z**3/2 - 2*z**2. What is the units digit of u(-4)?
7
Suppose -9 = a - k, 4*a - k = -0*k - 39. Let m = 6 - 4. What is the units digit of m/(-5) - 154/a?
5
Let y = 1 + -7. Let i(v) = v**2 + 7*v + 8. Let j be i(y). Suppose -j*o = -3*f - 32, -6*o + 2*f + 48 = -2*o. What is the units digit of o?
0
Let h(s) be the first derivative of s**2/2 + 7*s - 3. Let y be h(-4). Suppose -y*o + 13 = 1. What is the units digit of o?
4
Let d be -13 + 3/(-6)*2. Let r = d - -5. Let j = 18 + r. What is the units digit of j?
9
Suppose 0 = -4*v - 0*v - k - 11, -2*v = 4*k + 16. Let u be v/8 - (-23)/(-4). Let c = 8 + u. What is the units digit of c?
2
Suppose 4*t - o = 490, -448 - 34 = -4*t + 5*o. What is the units digit of t?
3
Let b be ((-21)/(-6))/((-3)/(-18)). Suppose 5*t = 2*x - 102, 2*x - 4*t = b + 79. What is the tens digit of x?
4
Suppose 0 = -s - s - 6. Let k be 0*-1*1/2. What is the units digit of (-2)/6*(s + k)?
1
Let l(d) = -d**3 + 7*d**2 + 5*d - 10. What is the tens digit of l(7)?
2
Let t(q) = -q**3 + 5*q**2 + q - 6. Let u be t(5). Let b be (u - -2)*2*4. Suppose -l + 0*l - b = -2*z, 0 = z + l - 4. What is the units digit of z?
4
Suppose -2*o - 14 = -4*o. What is the units digit of o?
7
Let w be ((-2)/(-6))/((-8)/(-48)). Suppose 4*s = 78 + w. What is the tens digit of s?
2
Suppose -m + 0 = -3. Suppose -m*d + 4*d + 4 = 0, -2*u + d + 30 = 0. What is the units digit of u?
3
Suppose 0 = -2*w + 6, 2*w - 4*w = -5*n + 14. Suppose -11 - n = -5*o. Suppose 0 = 2*q - o*q + 5. What is the units digit of q?
5
Suppose -25 = -5*u - 0*u. Suppose 5*j + 15 = 0, 0 = -2*g + 4*j - j + u. What is the units digit of 1/(-2)*8/g?
2
Let a(q) = 2*q**2 - 3*q - 1. Let l(k) = 3*k**2 - 2*k - 1. Let r(m) = -4*a(m) + 3*l(m). Let y be 36/(-3)*(-2)/(-4). What is the units digit of r(y)?
1
Let u be 1/((-3)/(2 + -20)). Suppose -u*n = -n - 50. What is the tens digit of n?
1
Let o be (-18)/30 - 6/(-10). Let z(t) = t**3 - t**2 + t + 47. What is the units digit of z(o)?
7
Suppose 2*z - 3 = -5*f + 15, z = -f + 6. Let w(a) = -4*a - 2 + 2*a + 6*a. What is the units digit of w(f)?
6
Let m be (1 - 2) + 2*3. Let g(a) = a**3 - 1. Let p(t) = -7*t**3 + 5*t**2 + 3*t + 4. Let j(l) = 6*g(l) + p(l). What is the units digit of j(m)?
3
Let m(b) = -51*b**3 - b**2 - b. What is the units digit of m(-1)?
1
Let y(k) = k**2 + 11*k - 4. What is the units digit of y(5)?
6
Let m(n) = -n**3 + 8*n**2 - 3*n - 4. What is the units digit of m(3)?
2
Let y(o) = -11*o**3 + 36*o**2 - 44*o + 8. Let q(b) = -4*b**3 + 12*b**2 - 15*b + 3. Let g(p) = 8*q(p) - 3*y(p). What is the units digit of g(11)?
1
Suppose -10 + 0 = 5*j. Let k(l) = -7*l - 1. What is the units digit of k(j)?
3
Let w = 3 + -4. Let h = 0 - w. What is the units digit of h?
1
Let a = -70 + 144. What is the units digit of a?
4
Let d(o) = o**2 + 5*o. Let s be d(-5). Suppose s = -q - 2 + 20. What is the units digit of q?
8
Let d be (2/6)/(2/24). Suppose -d*w - 24 = -5*p, -2*w = -5*p - 6*w + 16. Suppose -11 = -c - p. What is the units digit of c?
7
Let g = 33 + -46. Let k = 7 - g. What is the tens digit of k?
2
Let q(v) = -v**3 - 3*v**2 + 9. What is the tens digit of q(-5)?
5
Suppose 5*v - 2*p = 307, v + 7 = 4*p + 54. What is the units digit of v?
3
Suppose 3*l - 48 = l. What is the tens digit of l?
2
What is the tens digit of (-10)/(-35) + 208/7?
3
Suppose -31 + 111 = 4*o. What is the units digit of o?
0
Suppose -p + 2*x - 2 = -3*x, -2*p - 5*x = -11. Suppose -p*f + 135 = 54. Let n = f - 15. What is the tens digit of n?
1
Let c(j) = 5*j**3 - 4. What is the hundreds digit of c(3)?
1
Suppose -1 = -2*l + 3*w, 5*l - 3*w = -2 - 0. What is the units digit of (l - 1) + (-72)/(-4)?
6
Suppose 3*q - 8*q - 5 = 0. Let w be (5 + q)*(-5)/(-4). What is the units digit of 6/5*w/2?
3
Let n(p) be the first derivative of 19*p**3/3 + p**2/2 - 2*p - 3. Let t be n(2). What is the units digit of 10/(-45) - t/(-18)?
4
Let z(l) = l**3 - 2*l**2 + l - 2. Suppose 0 = f + f - 4*u - 22, 4*f + 4*u = -4. What is the units digit of z(f)?
0
Let u(p) = -p**2 - 9*p + 1. Let m be u(-9). Let d = m - -2. What is the units digit of (-3)/(6*d/(-30))?
5
Suppose 0 = -3*x + 4*x - 10. Suppose -30 - x = -5*p. What is the units digit of p?
8
Let g(n) = -5*n**2 + 7*n + 8. Let b(u) = u**2 - 2*u - 2. Let q(l) = -9*b(l) - 2*g(l). Let t be -8 - -1 - (2 - 5). What is the units digit of q(t)?
2
Suppose -2*d + 0 + 4 = 0. Suppose -47 + 3 = -4*j. Suppose -d*p + j = 4*m + m, 4*m = 4*p - 8. What is the units digit of p?
3
Let v be (-364)/(-18) - (-6)/(-27). Suppose -3*w - v = -8*w. What is the units digit of w?
4
Let d = 12 + 33. What is the tens digit of d?
4
What is the hundreds digit of (3 + -8)/(((-20)/(-84))/(-5))?
1
Suppose -2*m + 1 = -27. What is the units digit of m?
4
Suppose -f - 3*f - 3*u + 56 = 0, -f - 4*u + 14 = 0. Suppose -o + 1 - f = 0. Let v = o + 21. What is the units digit of v?
8
Suppose 0 = 2*z + i - 4*i - 6, 4*z - 14 = 5*i. What is the units digit of z?
6
Suppose -5*y + 3*h = 47 - 139, 0 = -3*y + 2*h + 56. Let r = y - 1. What is the units digit of r?
5
Suppose 3*r - 5*n = -0*n - 15, 4*r - n = -3. Suppose r = -2*g - l + 3, -5*g - l + 9 = -0. Suppose -u = g, -11 = -4*x + 3*x + 2*u. What is the units digit of x?
7
Suppose 20 = 2*x - 4. Suppose 0 = 4*m + x, 2*b + 1 = -5*m + 4. What is the units digit of b?
9
Let u = 1 - 1. Let s(y) be the third derivative of -y**4/24 + y**3 + 2*y**2. What is the units digit of s(u)?
6
What is the units digit of 46 + (5 - 3) - (-4)/(-2)?
6
Suppose -4*g - 12 = 0, -2*x - 2*x - 5*g = 43. Let v = x - -3. What is the units digit of ((-16)/10)/(v/30)?
2
Let r(j) = 12*j + 2 - 2*j - 4. Let c be r(-2). Let f = -9 - c. What is the units digit of f?
3
What is the tens digit of ((-34)/4)/((-4)/8)?
1
Suppose -n = -3*p + 239, -4*n + 404 = 2*p + 3*p. Suppose 2*i + p = 4*o, 0*o + 5*o - i = 97. What is the units digit of o?
9
Let s(t) = -6*t**3 - 14*t**2 - 20*t + 3. Let r(c) = c**3 + c + 1. Let m(k) = 5*r(k) + s(k). What is the tens digit of m(-13)?
3
Suppose -4*l = -4*p, -5*l + 16 = -3*l + 2*p. Suppose -4*c - 9 = -n, n - l*c = 4*n - 59. What is the units digit of n?
7
Let h be 1/1 - (-11 + 2). Suppose -35 = 3*r + 2*r. Let j = h + r. What is the units digit of j?
3
Suppose -4*h = -5*z - 347, -3*h + 4*z = -2*h - 73. What is the tens digit of h?
9
Let z be 6/9 + (-2)/3. What is the tens digit of (-1 - -29) + z + 0?
2
What is the units digit of 179 + (-4)/((-16)/(-20))?
4
Let a = 27 - -25. What is the units digit of a?
2
Let n(b) = b**3 - 3*b**2 - 4*b - 2. Let u be n(4). Let c = 0 - u. What is the units digit of c?
2
Let b = 0 + 3. Suppose x = b*x - 4*o - 40, 3*o + 39 = 2*x. What is the units digit of (-4 + 3)/((-1)/x)?
8
Let v(r) = 9*r**3 + r**2 - 2*r + 1. Suppose -3*f - 16 = -4*g, -3*g - 1 = 2*f + 4. What is the units digit of v(g)?
9
Let h = 1 - 1. Let z be 10 - 8 - (1 - 0)*-2. Suppose -z*g + 0*g + 32 = h. What is the units digit of g?
8
Let s(q) = -q**2 - 4*q - 2. Let z be s(-3). Suppose -1 = -3*u + 2*t, u - z - 3 = -3*t. What is the units digit of u?
1
Let t = 1 + -1. Suppose -3*g - 2 + 5 = t. Suppose -1 = -d + g. What is the units digit of d?
2
Let l(x) = 25*x - 7. What is the units digit of l(2)?
3
Let h be (38 - (-1)/(-1)) + 1. Let z = 60 - h. Wha